ctors of t/(-22) - (-3428)/22.
2, 3, 13
Suppose -4*m + 2*n - 11524 = -6*m, 0 = -4*m + n + 23043. List the prime factors of m.
7, 823
Let j(m) = m**3 - 22*m**2 + 9*m + 4. What are the prime factors of j(33)?
2, 5, 307
Suppose 23*r - 135 = 20*r. Let h = 69 - r. Suppose 2*o + 376 = 2*v, -h = 3*v + o - 572. List the prime factors of v.
2, 23
Suppose -4*y = 20, -2*j + 2*y = -y - 23255. List the prime factors of j.
2, 5, 7, 83
Let p(m) = -2*m**2 - 17*m - 9. Let u be p(-7). Suppose u*q + 5 = 13*q. Suppose a - 4*w - 586 = -2*a, 980 = q*a - 5*w. List the prime factors of a.
2, 3, 11
Suppose -22*d - 26893 - 4963 = 0. Let p = 482 - d. What are the prime factors of p?
2, 5, 193
Let b = -132 - -134. Let a = b + 39. List the prime factors of a.
41
Let y be (-523)/(-9) - (-1)/(-9). Suppose y = 5*g + 183. Let k = g - -64. List the prime factors of k.
3, 13
Let m(k) = 5*k + 81. Let a be m(-17). Let b = a + 398. What are the prime factors of b?
2, 197
Let b = -4691 - -6864. What are the prime factors of b?
41, 53
Let a be (16/10)/(10/25). Suppose 5*h + k - 1661 = 0, a*h + 5*k = -h + 1665. What are the prime factors of h?
2, 83
Let g(n) = n**2 + 6*n - 6. Let m be g(-7). Let q be 2 + 2/m + (-14 - -13). Suppose 5*p - 495 = -q*j, -3*p + 197 = -p + j. What are the prime factors of p?
2, 3
Suppose 192*r - 202654 = 154*r. List the prime factors of r.
5333
Let f be (-6)/21 + -1767*(-259)/147. Suppose 8*n + 905 = f. What are the prime factors of n?
2, 3, 23
Let a(r) = 2*r**2 + 7*r - 236. Let l be a(21). Suppose 803*g - 5490 = l*g. List the prime factors of g.
3, 61
What are the prime factors of (8187/4)/(378/8064)?
2, 2729
Suppose -836 - 1712 = -13*i. Let n = -106 + i. Suppose z + 4*t - 18 - 6 = 0, 3*z = -3*t + n. List the prime factors of z.
2
Let l(o) = 38*o - 2 - 4 - o**2 - 41*o. Let q be l(-5). Let k = 20 + q. List the prime factors of k.
2
List the prime factors of (-1 - -24 - 11) + 10785.
3, 59, 61
Suppose -5*f + 3*u + 295 = -8291, 0 = -f - 2*u + 1712. List the prime factors of f.
2, 3, 11, 13
Let v(c) = -15*c**2 + 30*c - 3. Let n be v(-5). Let l = 1028 + n. What are the prime factors of l?
2, 5
Let f = 168 - 95. Let l = -15 + f. Suppose 2 = -w + l. What are the prime factors of w?
2, 7
Suppose 4*g = -5*d + 19120, -4*d + 23909 = 2*g + 3*g. List the prime factors of g.
3, 5, 11, 29
Let n(t) = -21*t**3 + 6*t**2 - 3*t - 23. Let c be n(4). Let b = c + 1813. List the prime factors of b.
2, 5, 53
Let r be (-21)/(-12) - 1/(-4). Let u be (453 - 9) + (2 - r). Let c = u + -285. List the prime factors of c.
3, 53
Let z(s) = -s**3 + 30*s**2 + 22*s + 188. Let b be z(24). Suppose 2*v = 3*p + b, -2*v + 3775 + 409 = 3*p. List the prime factors of v.
2089
Let r(p) be the second derivative of p**4/6 + 3*p**3/2 - 695*p. Let j be -1 + 2 - (2 + 9). List the prime factors of r(j).
2, 5, 11
Let n = 15233 + 17014. List the prime factors of n.
3, 3583
Let z = -384 - -324. What are the prime factors of (-3)/(-10) + (-41502)/z?
2, 173
Let g(x) = -30*x + 215. Let z be g(7). Suppose 4*s = -n + 1813, -4*n + 2273 = 5*s - z*n. List the prime factors of s.
2, 227
Let m = -14359 - -20765. List the prime factors of m.
2, 3203
Let p(h) = 68*h + 29. Let q(g) = -69*g - 29. Let i(y) = -4*p(y) - 5*q(y). Suppose 0 = -8*o - 0*o + 24. List the prime factors of i(o).
2, 31
Let u(g) = 12*g - 1. Let d be u(-3). Suppose -2 = -z - 10. Let p = z - d. List the prime factors of p.
29
Let y = 103 + 32. Suppose y = -4*c + 7*c. Let g = c - 18. List the prime factors of g.
3
Suppose 5*i - 119 - 1021 = 0. Let w = 714 + i. List the prime factors of w.
2, 3, 157
What are the prime factors of 6/48*-18*(0 - (-12840)/(-5))?
2, 3, 107
Suppose 0 = -4*v + 2*v. Suppose 16 - 39 = -67*z + 44. Suppose w + 0 = z, v = 2*l + 5*w - 169. List the prime factors of l.
2, 41
Let z(k) = k**2 + k - 1. Let u(c) = -c**2 + 22*c - 23. Let q be ((-7)/(35/30))/2. Let v(x) = q*z(x) - u(x). What are the prime factors of v(-12)?
2, 19
Let p(a) = 141*a + 3685. What are the prime factors of p(18)?
7, 127
Let z be (-2)/14 - 12266/(-14). Suppose 0*i - 441 = -2*p - 5*i, -z = -4*p - 4*i. List the prime factors of p.
2, 109
Let u(o) = 4*o**3 + 48*o**2 - o - 6. Let t be u(-12). Let c(q) = -2*q**2 + 1 - 9 - 2 + 8*q + q**3 - 5*q**2. What are the prime factors of c(t)?
2
Let m = 41 + 101. Let d = m - -141. List the prime factors of d.
283
Let n = -124432 - -180736. List the prime factors of n.
2, 3, 17, 23
Let i = -185 + 237. Suppose i*g - 9338 = 45*g. What are the prime factors of g?
2, 23, 29
Let g(z) = -241*z**2 + 20*z. Let x(w) = -80*w**2 + 7*w. Let a(c) = -3*g(c) + 8*x(c). List the prime factors of a(4).
2, 41
Let x(a) = a + 1. Let m be x(21). Let g = -2 + m. Suppose -4*i + 192 + g = 0. List the prime factors of i.
53
Let t(s) = -6*s + 89. Let r be t(14). Suppose -5*f + 25 = -5*a, -a + 2 + 5 = 2*f. Suppose 3 = 2*v - r, 4*c - 40 = f*v. What are the prime factors of c?
2, 7
Let p be 2*-1 - (4 - (2 - -8)). Suppose p*n = -3*g, 4*n = 5*g + 2*n. Suppose 3*r - 2*b - 289 = -3*b, -5*r - 5*b + 475 = g. List the prime factors of r.
97
Let x(c) be the third derivative of -c**6/120 - c**5/12 + 5*c**4/12 + 2*c**3/3 - 14*c**2. Let t be x(-5). Let a = t - -69. List the prime factors of a.
23
Let n = 348 + -350. What are the prime factors of -1*(n + (-377 - -6))?
373
List the prime factors of (-5)/(-2)*-13*(-876)/2.
3, 5, 13, 73
Suppose 5*o = -3*w + 20, -3*w = o - 4 - 12. Suppose w*c - 1793 = -423. What are the prime factors of c?
2, 137
Suppose 2*m = -5*t + 1531, 0 = -3*t - 32 + 17. Let b = 1104 - m. What are the prime factors of b?
2, 163
Let g = 29569 + -16046. Suppose -9*p = -g + 1958. List the prime factors of p.
5, 257
Suppose -5252 = -1016*l + 1029*l. Let m = 36 - 225. Let n = m - l. What are the prime factors of n?
5, 43
Let b be -1 - 35/(-3) - (-7)/21. Suppose -b*y + 780 = 4*y. List the prime factors of y.
2, 13
Suppose -2*g + 49 = -b, g - b = 14 + 10. Suppose 19*c = -10*c + 87. Suppose -4*z - 2 + 17 = -l, -c*z + g = 2*l. List the prime factors of l.
5
Let k(q) = -18*q + 351. Let g be k(20). Let z(d) = -3*d**3 - 4*d**2 - 23*d + 13. List the prime factors of z(g).
2083
Suppose 0*g - 4*k = 4*g - 620, -2*k = -4*g + 596. Let w = 70 + g. What are the prime factors of w?
13, 17
Suppose 5*j - y + 729 = -1205, 2*j = -y - 768. Let o = -185 - j. List the prime factors of o.
3, 67
Let p(z) be the third derivative of 0 + 2/3*z**3 + 0*z + 14*z**2 + 1/120*z**6 - 1/12*z**5 - 1/24*z**4. What are the prime factors of p(6)?
2, 17
Let d = 14296 + -6976. Suppose -8*z = 2600 - d. List the prime factors of z.
2, 5, 59
Let z(h) = h**3 + 10*h**2 + 8*h + 8. Let j(d) = -2*d**3 + 37*d**2 - 20*d + 27. Let f be (-3975)/(-225) - 1/3*-1. Let w be j(f). List the prime factors of z(w).
17
Let u(c) = c**3 + 7*c - 14. Let k be u(-7). Let a = 596 + k. List the prime factors of a.
2, 5, 19
Let x(k) = 44*k**2 + k - 9. Let h be x(3). Let j = -105 + h. What are the prime factors of j?
3, 5, 19
Let y be 12/32 + (-1437)/(-8). Let j = -45 + y. What are the prime factors of j?
3, 5
Suppose 3*d = x - 120, -x - 412 = -5*x - 5*d. What are the prime factors of 19800/x - (-2)/3?
2, 23
Suppose 63*b + 0*b - 102959 - 653167 = 0. List the prime factors of b.
2, 17, 353
What are the prime factors of -20*(19467/(-36) + 0)?
3, 5, 7, 103
Let z = 5406 + -3829. Let d = -867 + z. What are the prime factors of d?
2, 5, 71
What are the prime factors of 1902/(88 + -86 + 6/(-4))?
2, 3, 317
Suppose 19*l - 278321 = 108500. List the prime factors of l.
20359
Suppose -3*g - 388 = -s + 6*s, 0 = -5*g + 3*s - 692. Let f = 835 + g. What are the prime factors of f?
3, 233
Suppose -74*r + 1781881 = -904985. What are the prime factors of r?
3, 7, 13, 19
Let s(q) = 46 - 47*q + 10 - q**2 + 1866*q**3 - 1865*q**3. What are the prime factors of s(13)?
3, 491
Let l(t) = 138*t**2 + 21*t + 108. What are the prime factors of l(-7)?
3, 83
Let z = 27755 - 12616. List the prime factors of z.
15139
Let j(p) = p**3 - 4*p**2 - 27*p + 24. Let x be j(8). What are the prime factors of (-6)/(-16) + 48616/x + -1?
3, 11, 23
What are the prime factors of (-11769492)/(-159) - 252/(-6678)?
2, 3, 13, 73
Let o(v) = -v**3 - 3*v**2 + 5*v + 6. Let m be o(-4). Let j be (-945)/(-36) - (-2)/(-8). List the prime factors of m/13 + 1582/j.
61
Suppose 6*x + 21 = 219.